58 + t. What is the remainder when y is divided by 58?
57
Let x = 163 - 144. What is the remainder when (-2)/x + 28550/475 is divided by 21?
18
Let y = 36 + 53. Let d = 111 - y. Calculate the remainder when (-82)/(-4)*(-6 - -8) is divided by d.
19
Let l = -4424 - -7572. What is the remainder when l is divided by 45?
43
Let n = 53 - 37. Let i = 115 + -65. Suppose h + 6 = i. What is the remainder when h is divided by n?
12
What is the remainder when 1128 is divided by 3 - 11 - (-2 - (234 - 5) - 2)?
3
Let s = -1853 + 1870. Calculate the remainder when 83 is divided by s.
15
Suppose -848 = -62*t + 144. Suppose s - 65 + 17 = 0. Calculate the remainder when s is divided by t.
0
Suppose 0 = 3*t + 60 - 30. Let h be -2 + 3/3 + t. What is the remainder when 32 is divided by (h/2)/((-5)/10)?
10
Suppose 43*j = 6*j + 674487 + 207482. What is the remainder when j is divided by 137?
136
Let l(r) = -4*r + 13. Let j be l(9). Let i = j - -64. What is the remainder when 163 is divided by i?
40
What is the remainder when ((-226)/(-4) - 0/(-16))*14 is divided by 388?
15
Let a = -11888 + 13901. What is the remainder when a is divided by 126?
123
Suppose 295*k - 22896 = -23*k. What is the remainder when 4603 is divided by k?
67
Let k(q) = 15*q - 44. Let l be k(-4). What is the remainder when (8 - -5)/((-4)/l) is divided by 20?
18
Suppose -22344 = -2760*l - 964*l. Suppose 0 = 3*u - 4*u + 2. Suppose 2 - 12 = -u*a. Calculate the remainder when l is divided by a.
1
Suppose 10*g + 41 = 121. What is the remainder when g is divided by 6?
2
Let a be (-3)/15*(3 + -88)*1. Suppose a*i + 25 = 314. What is the remainder when 182 is divided by i?
12
Suppose -6*h + 352 - 22 = 0. Suppose -4*i + 5 = -3*i, 0 = -5*m + i + h. What is the remainder when m is divided by 10?
2
Let x = -269 + 171. Let f = x - -95. Let l = f + 37. What is the remainder when 135 is divided by l?
33
Suppose -15*y = -13*y + 2*p - 122, 0 = 2*y + 3*p - 115. Calculate the remainder when 1763 is divided by y.
63
Calculate the remainder when 505 is divided by (-56537)/(-195) + (637/105 - 6).
215
Suppose 0 = 2*i + 2*f - 662, f + 1059 = 3*i + 58. Suppose u - 817 + 150 = -4*b, -u = 2*b - i. Calculate the remainder when b is divided by 84.
83
Suppose 2*o - 2280 = 12*o. Let f = 105 + o. What is the remainder when f/(-7) + 64/(-112) is divided by 8?
1
Let d(a) = a**2 - 30*a - 206. Calculate the remainder when d(-66) is divided by 146.
144
Let m(h) = 3*h + 178. Let f be (-744)/36 - 8/(-12). Calculate the remainder when m(f) is divided by 17.
16
Let g be (-6)/4*40/(-15) + -41. Calculate the remainder when g/(-3) - (-13)/(-39) is divided by (66/(-9))/((-6)/9).
1
Let c = 877 + -861. What is the remainder when 70 is divided by c?
6
Suppose 65*r - 68*r + 330 = 9*w, 4*w + 3*r - 150 = 0. Calculate the remainder when (-2)/(-13) + ((-5638)/(-26) - 3) is divided by w.
34
Suppose r = 4*r - 2*j - 61, -2*r + 30 = 4*j. Suppose -17 = 12*m + 31. What is the remainder when 205/1 + (m + 0 - -6) is divided by r?
17
Let w(h) = 2*h**2 - 8*h + 38. Suppose 12 = 8*v - 6*v. Suppose -46 - 38 = -4*r. Calculate the remainder when w(v) is divided by r.
20
Let u be 29*(20/(-50))/((-1)/25). Let c = -223 + u. What is the remainder when 133 is divided by c?
66
Let y be ((-756)/14)/(2 - 0). Let i be -2*4/8*-76. Calculate the remainder when (i - y) + 2*1 is divided by 53.
52
Let i = -161 - -162. Let x(z) = 64*z**2 - 3*z + 3. Calculate the remainder when x(i) is divided by 13.
12
Let q = -8287 + 8313. Suppose -2*a + 99 + 83 = 0. What is the remainder when a is divided by q?
13
Suppose 3*z - 2*z - 26 = 0. Suppose -91*i + 35 = -84*i. Suppose -2*m = i*j - 27, -5*j = -5*m - 0*m + 50. Calculate the remainder when z is divided by m.
4
Let m = 209 + -121. Let k = -972 + 995. Calculate the remainder when m is divided by k.
19
Suppose -11 = 3*d - 149. Let v be ((-3)/(9/30))/1. Let k(x) = -x**2 - 14*x - 24. What is the remainder when d is divided by k(v)?
14
What is the remainder when 26286 is divided by ((-3)/(-1))/((430/10922)/(10/6))?
124
Let t(k) = 62*k + 426. Calculate the remainder when t(28) is divided by 720.
2
Calculate the remainder when 87 is divided by ((-9)/(-3))/(((-30)/(-75))/((-42)/(-35))).
6
Let q(u) = u**2 + 8*u - 16. Let c be q(-10). Let p be 68 + -1 - (7 - c). Suppose -4*h + 0*h = -p. Calculate the remainder when 29 is divided by h.
13
Let j = -5017 + 5093. What is the remainder when 482 is divided by j?
26
What is the remainder when 6/27*6 - (1 + (-39195)/27) is divided by 52?
48
Let u = -18188 + 24425. What is the remainder when u is divided by 52?
49
Calculate the remainder when 258 is divided by 9/2*(-182)/(-39) - -8.
26
Suppose 2*p + 7*p = 9. Calculate the remainder when ((-48)/(-20))/((-4)/(-90)) is divided by ((5 - -83)/(-4))/(p - 3).
10
Let u(b) = -2*b**3 - 4*b**2 - 19*b - 57. What is the remainder when u(-5) is divided by 48?
44
Let i(z) = 3*z**2 + 3*z + 2. Suppose 12 = 5*n - 3. Suppose 0 = 3*w - 4*m - 123 - 186, 5*w = 2*m + 543. What is the remainder when w is divided by i(n)?
35
Let y(r) = 2*r + 37. Let w be y(-16). Suppose 3*g - 96 = -w*g. Calculate the remainder when (-9)/2*168/(-36) is divided by g.
9
Let s = 233 - 215. Suppose 4*g + 32 - 176 = 0. Let b = g - -12. Calculate the remainder when b is divided by s.
12
Suppose 2*z - 739 = -3*h + 5178, -3*z = h - 1984. Calculate the remainder when h is divided by 25.
19
Suppose -3*j - 6*j = 27. Let w(k) = k**3 + 6*k**2 + 3*k - 3. Let u be w(j). What is the remainder when 34 is divided by 5/(u/51) + 1?
16
Let b(x) = 131*x + 6014. What is the remainder when b(-45) is divided by 46?
27
Suppose 0 = 121*p - 94*p - 2214. What is the remainder when 854 is divided by p?
34
Let y = -14 - -26. What is the remainder when 33*(4 + -2 - y/9) is divided by 9?
4
Suppose -2*t = v - 577, -3*v = -163*t + 166*t - 855. What is the remainder when 568 is divided by t?
276
Let l = 1654 + -1555. Calculate the remainder when l is divided by 89.
10
Let z(p) = -42*p**2 - 2982*p + 67. Calculate the remainder when 118 is divided by z(-71).
51
Suppose 4*q + 4*p = 3528, 3*q - 5*q + 4*p + 1764 = 0. Let f = q - 846. Calculate the remainder when 109 is divided by f.
1
Suppose 5*y - 26 = -12 + 81. Let h(u) = u**2 + 4*u. Let r be h(-2). Let k(c) = c**2 + 2*c - 3. Calculate the remainder when y is divided by k(r).
4
Suppose 0 = 16*w - 154 - 70. Let p(z) = -z**3 - 15*z**2 - 14*z + 8. Suppose b = -3, 3*q + 5*b = -43 - 14. Calculate the remainder when w is divided by p(q).
6
Let q(y) = 81*y + 1742. Calculate the remainder when q(0) is divided by 46.
40
Suppose h + 32*l = 33*l - 1087, 2*l = 5*h + 5441. Let w = h + 1715. Calculate the remainder when w is divided by 33.
32
Let t = -204 + 316. Let d = 236 - t. What is the remainder when d is divided by 26?
20
Suppose v - 412 + 109 = 0. Let k = -144 + v. Suppose -4*y = 2*l - k + 5, -5*y + 194 = 2*l. What is the remainder when y is divided by 14?
12
Suppose -3*a + 3*x = -1689, 84*x = 87*x - 18. What is the remainder when a is divided by 46?
17
Let o = -4430 + 4857. What is the remainder when o is divided by 26?
11
Suppose 3*o = -2*o, -4*c = o - 16. Suppose -16 = -c*r + 5*q, -4*r - 52*q = -53*q - 32. Let z = -9 - -26. What is the remainder when z is divided by r?
8
Suppose -6130 = -131*t - 85 + 1160. Calculate the remainder when 320 is divided by t.
45
Let l = -1355 + 797. Suppose -p = p + 726. Let y = p - l. Calculate the remainder when y is divided by 18.
15
Let l = 58 - -58. Let g(v) = -104*v - 611. What is the remainder when l is divided by g(-6)?
12
Let l(x) be the first derivative of -x**4/2 + 11*x**3 + 21*x**2/2 - 31*x - 206. What is the remainder when 121 is divided by l(17)?
10
Let m(j) = 33*j**3 + 10*j**2 + 5*j - 12. Calculate the remainder when m(2) is divided by 45.
32
Suppose -55691 + 54962 = -9*l. Calculate the remainder when 646 is divided by l.
79
Calculate the remainder when (13*-1)/((-8701)/(-484) + -18) is divided by 29.
21
Suppose 2*x + 2*c - 110 = 0, -x = -c + 23 - 76. What is the remainder when x is divided by 37?
17
Suppose 0 = 39*i - 1493 + 245. Let a = 2 - -10. What is the remainder when i is divided by a?
8
Suppose 8*b - 281 = -49. Calculate the remainder when 763 is divided by b.
9
Let m = -103 - -107. Suppose v + 3*q - 10 - 6 = 0, -m*v + q + 12 = 0. What